{"id":3,"date":"2023-06-21T22:42:23","date_gmt":"2023-06-21T22:42:23","guid":{"rendered":"http:\/\/medicalanalytics.es\/?page_id=3"},"modified":"2023-08-30T11:12:27","modified_gmt":"2023-08-30T11:12:27","slug":"politica-privacidad","status":"publish","type":"page","link":"https:\/\/medicalanalytics.es\/index.php\/politica-privacidad\/","title":{"rendered":"Pol\u00edtica de privacidad"},"content":{"rendered":"\n<h2 class=\"wp-block-heading\">Qui\u00e9nes somos<\/h2>\n\n\n\n<p>Fecha de entrada en vigencia: 1 de enero del 2023<\/p>\n\n\n\n<p>En Medical Analytics (NIF: B87836383), nos comprometemos a proteger su privacidad y a garantizar la seguridad de la informaci\u00f3n personal que nos proporcione al utilizar nuestro sitio web y nuestros servicios relacionados con la comercializaci\u00f3n de material e instrumentos m\u00e9dicos y odontol\u00f3gicos. Esta Pol\u00edtica de Privacidad describe c\u00f3mo recopilamos, utilizamos y compartimos su informaci\u00f3n personal, as\u00ed como las medidas que tomamos para protegerla. Al acceder y utilizar nuestro sitio web, usted acepta los t\u00e9rminos y condiciones establecidos en esta Pol\u00edtica de Privacidad.<\/p>\n\n\n\n<h2 class=\"wp-block-heading\">Informaci\u00f3n que recopilamos:<\/h2>\n\n\n\n<p>a. Informaci\u00f3n proporcionada por usted: Recopilamos la informaci\u00f3n personal que usted nos proporciona al completar formularios de registro, realizar compras o comunicarse con nosotros a trav\u00e9s de nuestro sitio web o por correo electr\u00f3nico. Esta informaci\u00f3n puede incluir su nombre, direcci\u00f3n de correo electr\u00f3nico, n\u00famero de tel\u00e9fono y cualquier otra informaci\u00f3n que decida proporcionarnos.<\/p>\n\n\n\n<p>b. Informaci\u00f3n recopilada autom\u00e1ticamente: Al utilizar nuestro sitio web, podemos recopilar cierta informaci\u00f3n autom\u00e1ticamente, como su direcci\u00f3n IP, tipo de navegador, proveedor de servicios de Internet, p\u00e1ginas de referencia\/salida, sistema operativo, marca de tiempo y datos de navegaci\u00f3n. Esta informaci\u00f3n se recopila mediante el uso de cookies y tecnolog\u00edas similares.<\/p>\n\n\n\n<p><\/p>\n\n\n\n<h2 class=\"wp-block-heading\">Uso de la informaci\u00f3n recopilada:<\/h2>\n\n\n\n<p>Utilizamos la informaci\u00f3n personal recopilada para los siguientes prop\u00f3sitos:<\/p>\n\n\n\n<p>a. Procesar y completar sus pedidos de productos y servicios.<\/p>\n\n\n\n<p>b. Proporcionarle informaci\u00f3n sobre nuestros productos, promociones y servicios.<\/p>\n\n\n\n<p>c. Responder a sus consultas y comunicarse con usted.<\/p>\n\n\n\n<p>d. Mejorar y personalizar su experiencia en nuestro sitio web.<\/p>\n\n\n\n<p>e. Realizar an\u00e1lisis y estudios de mercado.<\/p>\n\n\n\n<p>f. Cumplir con nuestras obligaciones legales y resolver disputas.<\/p>\n\n\n\n<h2 class=\"wp-block-heading\">Cookies<\/h2>\n\n\n\n<p>Si dejas un comentario en nuestro sitio puedes elegir guardar tu nombre, direcci\u00f3n de correo electr\u00f3nico y web en cookies. Esto es para tu comodidad, para que no tengas que volver a rellenar tus datos cuando dejes otro comentario. Estas cookies tendr\u00e1n una duraci\u00f3n de un a\u00f1o.<\/p>\n\n\n\n<p>Si tienes una cuenta y te conectas a este sitio, instalaremos una cookie temporal para determinar si tu navegador acepta cookies. Esta cookie no contiene datos personales y se elimina al cerrar el navegador.<\/p>\n\n\n\n<p>Cuando accedas, tambi\u00e9n instalaremos varias cookies para guardar tu informaci\u00f3n de acceso y tus opciones de visualizaci\u00f3n de pantalla. Las cookies de acceso duran dos d\u00edas, y las cookies de opciones de pantalla duran un a\u00f1o. Si seleccionas \u00abRecu\u00e9rdarme\u00bb, tu acceso perdurar\u00e1 durante dos semanas. Si sales de tu cuenta, las cookies de acceso se eliminar\u00e1n.<\/p>\n\n\n\n<p>Si editas o publicas un art\u00edculo se guardar\u00e1 una cookie adicional en tu navegador. Esta cookie no incluye datos personales y simplemente indica el ID del art\u00edculo que acabas de editar. Caduca despu\u00e9s de 1 d\u00eda.<\/p>\n\n\n\n<h2 class=\"wp-block-heading\">Contenido incrustado de otros sitios web<\/h2>\n\n\n\n<p>Los art\u00edculos de este sitio pueden incluir contenido incrustado (por ejemplo, v\u00eddeos, im\u00e1genes, art\u00edculos, etc.). El contenido incrustado de otras webs se comporta exactamente de la misma manera que si el visitante hubiera visitado la otra web.<\/p>\n\n\n\n<p>Estas web pueden recopilar datos sobre ti, utilizar cookies, incrustar un seguimiento adicional de terceros, y supervisar tu interacci\u00f3n con ese contenido incrustado, incluido el seguimiento de tu interacci\u00f3n con el contenido incrustado si tienes una cuenta y est\u00e1s conectado a esa web.<\/p>\n\n\n\n<h2 class=\"wp-block-heading\">Compartir de informaci\u00f3n:<\/h2>\n\n\n\n<p>a. Proveedores de servicios: Podemos compartir su informaci\u00f3n personal con terceros proveedores de servicios que nos ayudan en la prestaci\u00f3n de servicios, como procesamiento de pagos, env\u00edo de productos, an\u00e1lisis de datos y atenci\u00f3n al cliente. Estos proveedores de servicios est\u00e1n obligados a proteger su informaci\u00f3n y solo pueden utilizarla de acuerdo con nuestras instrucciones.<\/p>\n\n\n\n<p>b. Cumplimiento legal: Podemos divulgar su informaci\u00f3n personal en la medida en que sea necesario para cumplir con las leyes aplicables, regulaciones legales, procesos legales o solicitudes gubernamentales.<\/p>\n\n\n\n<p>c. Consentimiento: Podemos compartir su informaci\u00f3n personal con terceros cuando tengamos su consentimiento para hacerlo.<\/p>\n\n\n\n<h2 class=\"wp-block-heading\">Protecci\u00f3n de la informaci\u00f3n:<\/h2>\n\n\n\n<p>Si dejas un comentario, el comentario y sus metadatos se conservan indefinidamente. Esto es para que podamos reconocer y aprobar comentarios sucesivos autom\u00e1ticamente, en lugar de mantenerlos en una cola de moderaci\u00f3n.<\/p>\n\n\n\n<p>De los usuarios que se registran en nuestra web (si los hay), tambi\u00e9n almacenamos la informaci\u00f3n personal que proporcionan en su perfil de usuario. Todos los usuarios pueden ver, editar o eliminar su informaci\u00f3n personal en cualquier momento (excepto que no pueden cambiar su nombre de usuario). Los administradores de la web tambi\u00e9n pueden ver y editar esa informaci\u00f3n.<\/p>\n\n\n\n<h2 class=\"wp-block-heading\">Enlaces a sitios web de terceros:<\/h2>\n\n\n\n<p>Nuestro sitio web puede contener enlaces a sitios web de terceros. Esta Pol\u00edtica de Privacidad solo se aplica a la informaci\u00f3n recopilada por Medical Analytics. No somos responsables de las pr\u00e1cticas de privacidad de esos sitios web de terceros. Le recomendamos que revise las pol\u00edticas de privacidad de dichos sitios antes de proporcionarles su informaci\u00f3n personal<\/p>\n\n\n\n<p>Nos reservamos el derecho de modificar esta Pol\u00edtica de Privacidad en cualquier momento. Cualquier cambio ser\u00e1 efectivo a partir de la fecha de entrada en vigencia indicada al comienzo de la Pol\u00edtica de Privacidad revisada. Le recomendamos que revise peri\u00f3dicamente esta Pol\u00edtica de Privacidad para estar informado sobre c\u00f3mo protegemos su informaci\u00f3n personal.<\/p>\n\n\n\n<h2 class=\"wp-block-heading\">Contacto:<\/h2>\n\n\n\n<p>Si tiene alguna pregunta, inquietud o solicitud relacionada con esta Pol\u00edtica de Privacidad o el manejo de su informaci\u00f3n personal, puede ponerse en contacto con nosotros a trav\u00e9s de los datos de contacto proporcionados en nuestro sitio web.<\/p>\n\n\n\n<p>En Medical Analytics, nos comprometemos a respetar su privacidad y a proteger su informaci\u00f3n personal de manera responsable. Apreciamos su confianza al elegir nuestros servicios y nos esforzamos por garantizar que su experiencia con nosotros sea segura y satisfactoria.<\/p>\n","protected":false},"excerpt":{"rendered":"<p>Qui\u00e9nes somos Fecha de entrada en vigencia: 1 de enero del 2023 En Medical Analytics (NIF: B87836383), nos comprometemos a proteger su privacidad y a garantizar la seguridad de la informaci\u00f3n personal que nos proporcione al utilizar nuestro sitio web y nuestros servicios relacionados con la comercializaci\u00f3n de material e instrumentos m\u00e9dicos y odontol\u00f3gicos. Esta [&hellip;]<\/p>\n","protected":false},"author":1,"featured_media":0,"parent":0,"menu_order":0,"comment_status":"closed","ping_status":"open","template":"","meta":{"_uag_custom_page_level_css":"","site-sidebar-layout":"default","site-content-layout":"","ast-site-content-layout":"default","site-content-style":"default","site-sidebar-style":"default","ast-global-header-display":"","ast-banner-title-visibility":"","ast-main-header-display":"","ast-hfb-above-header-display":"","ast-hfb-below-header-display":"","ast-hfb-mobile-header-display":"","site-post-title":"","ast-breadcrumbs-content":"","ast-featured-img":"","footer-sml-layout":"","theme-transparent-header-meta":"","adv-header-id-meta":"","stick-header-meta":"","header-above-stick-meta":"","header-main-stick-meta":"","header-below-stick-meta":"","astra-migrate-meta-layouts":"set","ast-page-background-enabled":"default","ast-page-background-meta":{"desktop":{"background-color":"var(--ast-global-color-4)","background-image":"","background-repeat":"repeat","background-position":"center center","background-size":"auto","background-attachment":"scroll","background-type":"","background-media":"","overlay-type":"","overlay-color":"","overlay-opacity":"","overlay-gradient":""},"tablet":{"background-color":"","background-image":"","background-repeat":"repeat","background-position":"center center","background-size":"auto","background-attachment":"scroll","background-type":"","background-media":"","overlay-type":"","overlay-color":"","overlay-opacity":"","overlay-gradient":""},"mobile":{"background-color":"","background-image":"","background-repeat":"repeat","background-position":"center center","background-size":"auto","background-attachment":"scroll","background-type":"","background-media":"","overlay-type":"","overlay-color":"","overlay-opacity":"","overlay-gradient":""}},"ast-content-background-meta":{"desktop":{"background-color":"var(--ast-global-color-5)","background-image":"","background-repeat":"repeat","background-position":"center center","background-size":"auto","background-attachment":"scroll","background-type":"","background-media":"","overlay-type":"","overlay-color":"","overlay-opacity":"","overlay-gradient":""},"tablet":{"background-color":"var(--ast-global-color-5)","background-image":"","background-repeat":"repeat","background-position":"center center","background-size":"auto","background-attachment":"scroll","background-type":"","background-media":"","overlay-type":"","overlay-color":"","overlay-opacity":"","overlay-gradient":""},"mobile":{"background-color":"var(--ast-global-color-5)","background-image":"","background-repeat":"repeat","background-position":"center center","background-size":"auto","background-attachment":"scroll","background-type":"","background-media":"","overlay-type":"","overlay-color":"","overlay-opacity":"","overlay-gradient":""}},"footnotes":""},"class_list":["post-3","page","type-page","status-publish","hentry"],"uagb_featured_image_src":{"full":false,"thumbnail":false,"medium":false,"medium_large":false,"large":false,"1536x1536":false,"2048x2048":false},"uagb_author_info":{"display_name":"medicalanalytics.es","author_link":"https:\/\/medicalanalytics.es\/index.php\/author\/medicalanalytics-es\/"},"uagb_comment_info":0,"uagb_excerpt":"Qui\u00e9nes somos Fecha de entrada en vigencia: 1 de enero del 2023 En Medical Analytics (NIF: B87836383), nos comprometemos a proteger su privacidad y a garantizar la seguridad de la informaci\u00f3n personal que nos proporcione al utilizar nuestro sitio web y nuestros servicios relacionados con la comercializaci\u00f3n de material e instrumentos m\u00e9dicos y odontol\u00f3gicos. Esta&hellip;","_links":{"self":[{"href":"https:\/\/medicalanalytics.es\/index.php\/wp-json\/wp\/v2\/pages\/3","targetHints":{"allow":["GET"]}}],"collection":[{"href":"https:\/\/medicalanalytics.es\/index.php\/wp-json\/wp\/v2\/pages"}],"about":[{"href":"https:\/\/medicalanalytics.es\/index.php\/wp-json\/wp\/v2\/types\/page"}],"author":[{"embeddable":true,"href":"https:\/\/medicalanalytics.es\/index.php\/wp-json\/wp\/v2\/users\/1"}],"replies":[{"embeddable":true,"href":"https:\/\/medicalanalytics.es\/index.php\/wp-json\/wp\/v2\/comments?post=3"}],"version-history":[{"count":3,"href":"https:\/\/medicalanalytics.es\/index.php\/wp-json\/wp\/v2\/pages\/3\/revisions"}],"predecessor-version":[{"id":3667,"href":"https:\/\/medicalanalytics.es\/index.php\/wp-json\/wp\/v2\/pages\/3\/revisions\/3667"}],"wp:attachment":[{"href":"https:\/\/medicalanalytics.es\/index.php\/wp-json\/wp\/v2\/media?parent=3"}],"curies":[{"name":"wp","href":"https:\/\/api.w.org\/{rel}","templated":true}]}}